4. What is s(4)?
0
Let w(u) = 8*u**2 - 153*u - 8. Determine w(19).
-27
Let q(k) = -k**3 - 29*k**2 - 32*k - 123. Calculate q(-28).
-11
Let m(t) = -t**2 - 10*t + 718. What is m(22)?
14
Let r(f) = 468*f - 1786. Give r(4).
86
Let f(d) = 35*d + 140. Calculate f(3).
245
Let f(p) = -p**3 + 15*p**2 - 14*p + 42. Determine f(14).
42
Let b(f) = 4*f**2 - 3*f + 33. What is b(-5)?
148
Let a(d) = 13*d**3 - 56*d**2 - 2*d + 26. Give a(4).
-46
Let k(r) = 45*r**2 - 432*r - 212. Determine k(10).
-32
Let x(c) = -c**2 - 75*c - 906. Determine x(-58).
80
Let d(r) = -43*r - 274. Give d(-24).
758
Let j(n) = -559*n + 32974. Give j(59).
-7
Let v(d) = -44*d - 1475. Calculate v(-33).
-23
Let g(b) = -2*b**2 + b + 31. Calculate g(6).
-35
Let i(w) = w**3 + 97*w**2 - 403*w + 101. Give i(-101).
0
Let s(q) = -8*q**3 - 93*q**2 - 63*q - 66. Give s(-11).
22
Let c(z) = 6*z**2 - 200*z + 74. What is c(33)?
8
Let u(p) = -p**2 + 128*p + 9746. Calculate u(-54).
-82
Let u(y) = -2*y**2 + 100*y - 1223. Give u(29).
-5
Let w(z) = z**3 + 28*z**2 - 75*z - 457. What is w(-30)?
-7
Let p(j) = -9*j - 402. Calculate p(-39).
-51
Let a(c) = -c**3 - 62*c**2 - 637*c + 173. Calculate a(-49).
173
Let q(h) = 15*h + 242. Determine q(-14).
32
Let w(r) = -r**3 - 65*r**2 + 200*r - 260. Calculate w(-68).
12
Let f(l) = 55*l - 1007. Calculate f(19).
38
Let s(k) = -9*k - 379. Calculate s(-45).
26
Let m(w) = w**2 - 17*w - 377. Calculate m(29).
-29
Let c(w) = 2*w**2 + 60*w - 439. Give c(8).
169
Let m(g) = -334*g - 52091. Give m(-156).
13
Let s(q) = -q**3 + 40*q**2 - 70*q - 223. Determine s(38).
5
Let y(p) = 96*p + 265. Give y(5).
745
Let z(c) = -2*c**3 + 48*c**2 - 3*c + 125. Calculate z(24).
53
Let k(a) = a**2 - 70*a + 501. Determine k(8).
5
Let q(l) = -4278*l + 29919. Determine q(7).
-27
Let u(m) = -54*m + 3565. Give u(67).
-53
Let l(f) = -f**3 - 6*f**2 - f - 11. Calculate l(-3).
-35
Let f(d) = 3*d**2 + 86*d - 439. Give f(5).
66
Let m(z) = -z**2 - 7*z + 1025. Determine m(30).
-85
Let z(u) = 3*u**2 - 28*u - 24. Determine z(10).
-4
Let m(v) = 134*v - 1645. What is m(12)?
-37
Let g(y) = y**3 + 88*y**2 + 138*y + 4426. Give g(-87).
-11
Let t(g) = -14*g**2 - 459*g + 77. Determine t(-34).
-501
Let o(q) = -q**2 - 37*q - 55. Calculate o(-35).
15
Let y(v) = v**3 + 32*v**2 + 177*v + 73. Give y(-25).
23
Let t(s) = -s**3 + 22*s**2 - 154*s + 600. What is t(14)?
12
Let a(f) = -56*f - 4986. Give a(-89).
-2
Let v(s) = -68*s**2 + 180*s + 79. Determine v(3).
7
Let y(p) = p**3 - 87*p**2 - 271*p + 102. Give y(90).
12
Let h(l) = 62*l + 585. What is h(-9)?
27
Let v(g) = 312*g - 180. Give v(1).
132
Let c(n) = 2*n**3 - 24*n**2 + 20*n + 21. Determine c(11).
-1
Let v(j) = -73*j + 1481. Determine v(20).
21
Let p(k) = 8*k - 218. Give p(18).
-74
Let m(z) = 65*z + 504. Determine m(-8).
-16
Let j(r) = 7*r**2 + 30*r + 139. Determine j(-4).
131
Let h(s) = 196*s**3 + s**2 - 5*s - 5. What is h(-1)?
-195
Let a(u) = -450*u - 609. Calculate a(-1).
-159
Let j(r) = -213*r - 15728. Calculate j(-74).
34
Let v(m) = 2*m**2 - 96*m - 12. What is v(48)?
-12
Let u(j) = 2*j**2 + 68*j + 30. Give u(-33).
-36
Let y(n) = -10*n**3 - 56*n**2 + 22*n - 26. Calculate y(-6).
-14
Let h(y) = 8*y**2 + 364*y - 558. What is h(-47)?
6
Let r(m) = 2*m**2 + 36*m + 117. Determine r(-3).
27
Let o(r) = 67*r - 2130. Determine o(30).
-120
Let v(y) = 11*y**3 - 2*y**2 - 2*y - 20. Calculate v(-3).
-329
Let n(k) = -85*k**2 - 2180*k - 1382. Determine n(-25).
-7
Let s(a) = a**2 + 14*a - 6. What is s(-10)?
-46
Let o(z) = 2*z**2 - 44*z - 264. What is o(28)?
72
Let o(u) = 372*u - 12277. Determine o(33).
-1
Let h(p) = 12*p**2 + 113*p + 231. What is h(-2)?
53
Let y(d) = 2*d**3 - 17*d**2 - 24*d + 18. Calculate y(9).
-117
Let s(g) = -4991*g - 164711. Give s(-33).
-8
Let a(g) = 37*g + 92. What is a(-8)?
-204
Let j(o) = o**3 - 32*o**2 + 41*o - 205. Give j(31).
105
Let h(z) = -2*z**3 - 51*z**2 + 45*z + 475. What is h(-26)?
-19
Let g(r) = 3*r**2 - 170*r + 971. Give g(6).
59
Let b(j) = j**3 - 9*j**2 + 31*j - 143. What is b(6)?
-65
Let a(x) = -x**3 - 17*x**2 - 35*x - 61. Give a(-15).
14
Let y(v) = -2*v**2 + 24*v - 178. Give y(15).
-268
Let s(y) = y**3 + 21*y**2 + 93*y - 177. Calculate s(-12).
3
Let o(d) = 31*d**2 + 465*d + 21. What is o(-15)?
21
Let t(b) = 8*b**3 - 226*b**2 + 48*b + 209. Give t(28).
-15
Let q(j) = 27*j + 376. Calculate q(-20).
-164
Let j(m) = 423*m + 7200. Give j(-17).
9
Let w(z) = -6*z**3 + 269*z**2 + 46*z - 33. Determine w(45).
12
Let o(a) = -234*a**2 - 2337*a + 14. Give o(-10).
-16
Let u(k) = 33*k**2 + 74*k + 72. Determine u(-1).
31
Let r(t) = 4*t - 221. Give r(34).
-85
Let w(g) = 17*g + 355. What is w(-10)?
185
Let r(l) = l**2 - 150*l - 3394. Calculate r(170).
6
Let d(k) = -15*k - 512. Determine d(-31).
-47
Let z(l) = l**3 + 3*l**2 - 54*l - 6. What is z(-9)?
-6
Let k(q) = -6*q + 21. Give k(8).
-27
Let s(k) = 2*k**3 + 15*k**2 + 47*k + 441. Calculate s(-8).
1
Let i(p) = 92*p + 4423. Give i(-48).
7
Let d(s) = s**2 + 398*s - 26984. Give d(59).
-21
Let k(j) = -17*j + 478. Determine k(34).
-100
Let o(p) = 4*p**3 - 5*p**2 + 41*p + 125. Determine o(-3).
-151
Let o(a) = a**3 + 13*a**2 - 4*a - 53. Give o(-13).
-1
Let d(v) = -29*v + 48. What is d(-8)?
280
Let u(t) = 72*t + 91. Give u(-4).
-197
Let d(m) = 42*m**2 - 431*m - 365. Determine d(11).
-24
Let p(h) = 21*h**2 - 8*h + 2. Give p(1).
15
Let i(h) = -h**3 - 27*h**2 - 25*h + 100. Calculate i(-26).
74
Let v(u) = 27*u + 11. What is v(-8)?
-205
Let s(d) = 155*d**3 - 2*d**2 + 2*d + 2. Calculate s(1).
157
Let y(b) = 2*b**2 + 110*b + 577. What is y(-49)?
-11
Let z(x) = x**2 - 106*x - 544. Calculate z(111).
11
Let n(c) = 2*c**2 + 9*c - 57. Give n(-8).
-1
Let w(q) = -333*q + 4000. Calculate w(12).
4
Let f(h) = 23*h + 171. Determine f(-8).
-13
Let k(t) = -3*t**3 + 88*t**2 - 28*t - 48. Give k(29).
-19
Let a(d) = -26*d + 1075. Give a(42).
-17
Let x(t) = -t**3 + 9*t**2 + 6*t + 45. Determine x(6).
189
Let a(j) = -2*j**3 - 14*j**2 + 80*j + 545. What is a(-6)?
-7
Let h(i) = 2*i - 118. Determine h(-1).
-120
Let n(d) = 222*d - 222. Determine n(1).
0
Let x(d) = 71*d**2 - 10*d + 10. Give x(-2).
314
Let s(f) = -f**3 + 108*f**2 - 2345*f + 386. Give s(78).
-4
Let i(s) = -s**3 + 14*s**2 + 10*s - 494. Calculate i(9).
1
Let p(g) = -21*g - 504. Give p(-15).
-189
Let z(n) = -9311*n - 1. Give z(0).
-1
Let w(b) = -2*b**3 + 52*b**2 + 50*b + 99. What is w(27)?
-9
Let p(f) = 172*f + 355. What is p(-2)?
11
Let l(z) = -4*z + 158. Give l(-3).
170
Let j(s) = -44*s + 1968. Determine j(46).
-56
Let x(d) = 1632*d - 11416. Determine x(7).
8
Let t(k) = -30*k - 2044. Calculate t(-68).
-4
Let q(c) = 29*c - 111. Calculate q(5).
34
Let h(l) = -1256*l + 141930. Calculate h(113).
2
Let p(o) = -15*o - 49. Give p(4).
-109
Let i(r) = -r**2 + 2*r + 33. What is i(-3)?
18
Let h(o) = -4*o**2 - 142*o + 222. Determine h(-37).
0
Let i(o) = o - 58. What is i(-2)?
-60
Let h(l) = l**3 - l**2 - 68*l - 24. Determine h(9).
12
Let l(k) = 22*k - 1891. What is l(86)?
1
Let h(t) = -t**3 - 51*t**2 - 189*t - 34. What is h(-47)?
13
Let p(v) = v**2 + 1284*v - 70858. Determine p(53).
3
Let n(c) = -11*c - 56. Calculate n(-3).
-23
Let i(d) = 650*d - 2577. Calculate i(4).
23
Let h(j) = 9*j**3 - 45*j**2 - 14*j + 19. What is h(5)?
-51
Let d(q) = 2682*q + 16072. What is d(-6)?
-20
Let b(z) = 4*z**2 - 572*z + 1632. Give b(140).
-48
Let o(h) = -780*h - 3021. Calculate o(-4).
99
Let k(s) = 2*s**2 + 63*s + 491. Give k(-17).
-2
Let n(m) = m**2 + 85*m - 2748. Determine n(-111).
138
Let q(p) = p**3 + 50*p**2 + 303*p - 1379. Give q(-42).
7
Let m(b) = -b**3 + 36*b**2 - 24*b + 3795. What is m(38)?
-5
Let b(g) = -g + 541. What is b(-19)?
560
Let t(u) = -u**3 - 31*u**2 - 19*u + 327. Give t(-30).
-3
Let p(j) = -14*j - 448. Calculate p(-23).
-126
Let t(p) = -4*p**3 - 3*p**2 + 12*p + 47. Give t(5).
-468
Let w(q) = -7*q**2 + 88*q - 260. Give w(3).
-59
Let s(l) = 170*l - 2710. Calculate s(16).
10
Let y(q) = 3*q**3 + 2*q**2 + 33*q - 35. Determine y(0).
-35
Let c(a) = -3*a - 68. What is c(-47)?
73
Let b(f) = -2*f**2 - 74*f - 502. Calculate b(-8).
-38
Let n(u) = u**2 + 383*u - 4727. Give n(12).
13
Let p(a) = -a**2 + 24*a + 80. What is p(26)?
28
Let w(r) = 68*r - 2832. Calculate w(35).
-452
Let c(u) = -58*u + 64. Determine c(1).
6
Let z(v) = -56*v + 769. What is z(14)?
-15
Let t(f) = -177*f - 358. Determine t(-7).
881
Let r(q) = -4*q**2 